{"id":32,"date":"2019-03-18T12:14:00","date_gmt":"2019-03-18T11:14:00","guid":{"rendered":"https:\/\/demo.cms-werkstatt.eu\/billiard\/?page_id=32"},"modified":"2019-07-30T11:37:16","modified_gmt":"2019-07-30T09:37:16","slug":"startseite","status":"publish","type":"page","link":"https:\/\/demo.cms-werkstatt.eu\/billiard\/","title":{"rendered":"Startseite"},"content":{"rendered":"\t\t<div data-elementor-type=\"wp-post\" data-elementor-id=\"32\" class=\"elementor elementor-32\">\n\t\t\t\t\t\t<div class=\"elementor-inner\">\n\t\t\t\t<div class=\"elementor-section-wrap\">\n\t\t\t\t\t\t\t\t\t<section class=\"elementor-section elementor-top-section elementor-element elementor-element-3b69d2ca elementor-section-height-min-height elementor-section-boxed elementor-section-height-default elementor-section-items-middle\" data-id=\"3b69d2ca\" data-element_type=\"section\" data-settings=\"{&quot;background_background&quot;:&quot;classic&quot;}\">\n\t\t\t\t\t\t\t<div class=\"elementor-background-overlay\"><\/div>\n\t\t\t\t\t\t\t<div class=\"elementor-container elementor-column-gap-default\">\n\t\t\t\t\t\t\t<div class=\"elementor-row\">\n\t\t\t\t\t<div class=\"elementor-column elementor-col-100 elementor-top-column elementor-element elementor-element-5e7fc2e1\" data-id=\"5e7fc2e1\" data-element_type=\"column\">\n\t\t\t<div class=\"elementor-column-wrap elementor-element-populated\">\n\t\t\t\t\t\t\t<div class=\"elementor-widget-wrap\">\n\t\t\t\t\t\t<div class=\"elementor-element elementor-element-6888999b elementor-hidden-phone elementor-widget elementor-widget-spacer\" data-id=\"6888999b\" data-element_type=\"widget\" data-widget_type=\"spacer.default\">\n\t\t\t\t<div class=\"elementor-widget-container\">\n\t\t\t\t\t<div class=\"elementor-spacer\">\n\t\t\t<div class=\"elementor-spacer-inner\"><\/div>\n\t\t<\/div>\n\t\t\t\t<\/div>\n\t\t\t\t<\/div>\n\t\t\t\t<div class=\"elementor-element elementor-element-6297b6a0 elementor-widget elementor-widget-heading\" data-id=\"6297b6a0\" data-element_type=\"widget\" data-widget_type=\"heading.default\">\n\t\t\t\t<div class=\"elementor-widget-container\">\n\t\t\t<h1 class=\"elementor-heading-title elementor-size-default\">Berlins<\/h1>\t\t<\/div>\n\t\t\t\t<\/div>\n\t\t\t\t<div class=\"elementor-element elementor-element-2ec9bcd elementor-widget elementor-widget-heading\" data-id=\"2ec9bcd\" data-element_type=\"widget\" data-widget_type=\"heading.default\">\n\t\t\t\t<div class=\"elementor-widget-container\">\n\t\t\t<h2 class=\"elementor-heading-title elementor-size-default\">beste Billardhalle<\/h2>\t\t<\/div>\n\t\t\t\t<\/div>\n\t\t\t\t\t\t<\/div>\n\t\t\t\t\t<\/div>\n\t\t<\/div>\n\t\t\t\t\t\t\t\t<\/div>\n\t\t\t\t\t<\/div>\n\t\t<\/section>\n\t\t\t\t<section class=\"elementor-section elementor-top-section elementor-element elementor-element-5e469316 elementor-section-boxed elementor-section-height-default elementor-section-height-default\" data-id=\"5e469316\" data-element_type=\"section\" data-settings=\"{&quot;background_background&quot;:&quot;classic&quot;}\">\n\t\t\t\t\t\t<div class=\"elementor-container elementor-column-gap-default\">\n\t\t\t\t\t\t\t<div class=\"elementor-row\">\n\t\t\t\t\t<div class=\"elementor-column elementor-col-50 elementor-top-column elementor-element elementor-element-46885216\" data-id=\"46885216\" data-element_type=\"column\">\n\t\t\t<div class=\"elementor-column-wrap elementor-element-populated\">\n\t\t\t\t\t\t\t<div class=\"elementor-widget-wrap\">\n\t\t\t\t\t\t<div class=\"elementor-element elementor-element-f28eae8 animated-fast elementor-invisible elementor-widget elementor-widget-image\" data-id=\"f28eae8\" data-element_type=\"widget\" data-settings=\"{&quot;_animation&quot;:&quot;fadeInLeft&quot;}\" data-widget_type=\"image.default\">\n\t\t\t\t<div class=\"elementor-widget-container\">\n\t\t\t\t\t\t\t\t<div class=\"elementor-image\">\n\t\t\t\t\t\t\t\t\t\t\t\t<img loading=\"lazy\" decoding=\"async\" width=\"1\" height=\"1\" src=\"https:\/\/demo.cms-werkstatt.eu\/billiard\/wp-content\/uploads\/sites\/6\/2019\/03\/billardkugel.svg\" class=\"attachment-large size-large\" alt=\"\" \/>\t\t\t\t\t\t\t\t\t\t\t\t\t\t<\/div>\n\t\t\t\t\t\t<\/div>\n\t\t\t\t<\/div>\n\t\t\t\t<div class=\"elementor-element elementor-element-6f7c069d animated-fast elementor-invisible elementor-widget elementor-widget-image\" data-id=\"6f7c069d\" data-element_type=\"widget\" data-settings=\"{&quot;_animation&quot;:&quot;fadeInLeft&quot;}\" data-widget_type=\"image.default\">\n\t\t\t\t<div class=\"elementor-widget-container\">\n\t\t\t\t\t\t\t\t<div class=\"elementor-image\">\n\t\t\t\t\t\t\t\t\t\t\t\t<img loading=\"lazy\" decoding=\"async\" width=\"502\" height=\"680\" src=\"https:\/\/demo.cms-werkstatt.eu\/billiard\/wp-content\/uploads\/sites\/6\/2019\/03\/speaker1.jpg\" class=\"attachment-large size-large\" alt=\"\" srcset=\"https:\/\/demo.cms-werkstatt.eu\/billiard\/wp-content\/uploads\/sites\/6\/2019\/03\/speaker1.jpg 502w, https:\/\/demo.cms-werkstatt.eu\/billiard\/wp-content\/uploads\/sites\/6\/2019\/03\/speaker1-221x300.jpg 221w\" sizes=\"auto, (max-width: 502px) 100vw, 502px\" \/>\t\t\t\t\t\t\t\t\t\t\t\t\t\t<\/div>\n\t\t\t\t\t\t<\/div>\n\t\t\t\t<\/div>\n\t\t\t\t<div class=\"elementor-element elementor-element-f65856f elementor-invisible elementor-widget elementor-widget-spacer\" data-id=\"f65856f\" data-element_type=\"widget\" data-settings=\"{&quot;_animation&quot;:&quot;fadeIn&quot;,&quot;_animation_delay&quot;:200}\" data-widget_type=\"spacer.default\">\n\t\t\t\t<div class=\"elementor-widget-container\">\n\t\t\t\t\t<div class=\"elementor-spacer\">\n\t\t\t<div class=\"elementor-spacer-inner\"><\/div>\n\t\t<\/div>\n\t\t\t\t<\/div>\n\t\t\t\t<\/div>\n\t\t\t\t<div class=\"elementor-element elementor-element-51fe1bb9 elementor-hidden-phone animated-fast elementor-invisible elementor-widget elementor-widget-spacer\" data-id=\"51fe1bb9\" data-element_type=\"widget\" data-settings=\"{&quot;_animation&quot;:&quot;fadeInRight&quot;,&quot;_animation_delay&quot;:400}\" data-widget_type=\"spacer.default\">\n\t\t\t\t<div class=\"elementor-widget-container\">\n\t\t\t\t\t<div class=\"elementor-spacer\">\n\t\t\t<div class=\"elementor-spacer-inner\"><\/div>\n\t\t<\/div>\n\t\t\t\t<\/div>\n\t\t\t\t<\/div>\n\t\t\t\t\t\t<\/div>\n\t\t\t\t\t<\/div>\n\t\t<\/div>\n\t\t\t\t<div class=\"elementor-column elementor-col-50 elementor-top-column elementor-element elementor-element-135b0eb8\" data-id=\"135b0eb8\" data-element_type=\"column\">\n\t\t\t<div class=\"elementor-column-wrap elementor-element-populated\">\n\t\t\t\t\t\t\t<div class=\"elementor-widget-wrap\">\n\t\t\t\t\t\t<div class=\"elementor-element elementor-element-6eea6b2 elementor-blockquote--skin-quotation elementor-blockquote--button-color-official elementor-widget elementor-widget-blockquote\" data-id=\"6eea6b2\" data-element_type=\"widget\" data-widget_type=\"blockquote.default\">\n\t\t\t\t<div class=\"elementor-widget-container\">\n\t\t\t\t\t<blockquote class=\"elementor-blockquote\">\n\t\t\t<p class=\"elementor-blockquote__content\">\n\t\t\t\tIch bin immer gern in der Billard Oase. Am besten gef\u00e4llt mir die famili\u00e4re Atomsph\u00e4re, die netten Mitarbeiter und die tolle Ausstattung.\t\t\t<\/p>\n\t\t\t\t\t\t\t<footer>\n\t\t\t\t\t\t\t\t\t\t\t<cite class=\"elementor-blockquote__author\">Mike M\u00f6ller - Snookerprofi<\/cite>\n\t\t\t\t\t\t\t\t\t\t\t\t\t\t<\/footer>\n\t\t\t\t\t<\/blockquote>\n\t\t\t\t<\/div>\n\t\t\t\t<\/div>\n\t\t\t\t\t\t<\/div>\n\t\t\t\t\t<\/div>\n\t\t<\/div>\n\t\t\t\t\t\t\t\t<\/div>\n\t\t\t\t\t<\/div>\n\t\t<\/section>\n\t\t\t\t<section class=\"elementor-section elementor-top-section elementor-element elementor-element-5fde6387 elementor-section-boxed elementor-section-height-default elementor-section-height-default\" data-id=\"5fde6387\" data-element_type=\"section\" data-settings=\"{&quot;background_background&quot;:&quot;gradient&quot;}\">\n\t\t\t\t\t\t\t<div class=\"elementor-background-overlay\"><\/div>\n\t\t\t\t\t\t\t<div class=\"elementor-container elementor-column-gap-no\">\n\t\t\t\t\t\t\t<div class=\"elementor-row\">\n\t\t\t\t\t<div class=\"elementor-column elementor-col-50 elementor-top-column elementor-element elementor-element-65441537\" data-id=\"65441537\" data-element_type=\"column\">\n\t\t\t<div class=\"elementor-column-wrap elementor-element-populated\">\n\t\t\t\t\t\t\t<div class=\"elementor-widget-wrap\">\n\t\t\t\t\t\t<div class=\"elementor-element elementor-element-1857fce9 elementor-invisible elementor-widget elementor-widget-heading\" data-id=\"1857fce9\" data-element_type=\"widget\" data-settings=\"{&quot;_animation&quot;:&quot;fadeInLeft&quot;}\" data-widget_type=\"heading.default\">\n\t\t\t\t<div class=\"elementor-widget-container\">\n\t\t\t<h2 class=\"elementor-heading-title elementor-size-default\">Galerie<\/h2>\t\t<\/div>\n\t\t\t\t<\/div>\n\t\t\t\t<div class=\"elementor-element elementor-element-510b3bc6 elementor-invisible elementor-widget elementor-widget-image\" data-id=\"510b3bc6\" data-element_type=\"widget\" data-settings=\"{&quot;_animation&quot;:&quot;fadeInLeft&quot;}\" data-widget_type=\"image.default\">\n\t\t\t\t<div class=\"elementor-widget-container\">\n\t\t\t\t\t\t\t\t<div class=\"elementor-image\">\n\t\t\t\t\t\t\t\t\t\t\t\t<img loading=\"lazy\" decoding=\"async\" width=\"1280\" height=\"1920\" src=\"https:\/\/demo.cms-werkstatt.eu\/billiard\/wp-content\/uploads\/sites\/6\/2019\/03\/woman-1497848_1920.jpg\" class=\"attachment-full size-full\" alt=\"\" srcset=\"https:\/\/demo.cms-werkstatt.eu\/billiard\/wp-content\/uploads\/sites\/6\/2019\/03\/woman-1497848_1920.jpg 1280w, https:\/\/demo.cms-werkstatt.eu\/billiard\/wp-content\/uploads\/sites\/6\/2019\/03\/woman-1497848_1920-200x300.jpg 200w, https:\/\/demo.cms-werkstatt.eu\/billiard\/wp-content\/uploads\/sites\/6\/2019\/03\/woman-1497848_1920-768x1152.jpg 768w, https:\/\/demo.cms-werkstatt.eu\/billiard\/wp-content\/uploads\/sites\/6\/2019\/03\/woman-1497848_1920-683x1024.jpg 683w\" sizes=\"auto, (max-width: 1280px) 100vw, 1280px\" \/>\t\t\t\t\t\t\t\t\t\t\t\t\t\t<\/div>\n\t\t\t\t\t\t<\/div>\n\t\t\t\t<\/div>\n\t\t\t\t<div class=\"elementor-element elementor-element-3d1055b6 elementor-hidden-phone elementor-widget elementor-widget-spacer\" data-id=\"3d1055b6\" data-element_type=\"widget\" data-widget_type=\"spacer.default\">\n\t\t\t\t<div class=\"elementor-widget-container\">\n\t\t\t\t\t<div class=\"elementor-spacer\">\n\t\t\t<div class=\"elementor-spacer-inner\"><\/div>\n\t\t<\/div>\n\t\t\t\t<\/div>\n\t\t\t\t<\/div>\n\t\t\t\t<div class=\"elementor-element elementor-element-04e5cc2 elementor-widget elementor-widget-spacer\" data-id=\"04e5cc2\" data-element_type=\"widget\" data-widget_type=\"spacer.default\">\n\t\t\t\t<div class=\"elementor-widget-container\">\n\t\t\t\t\t<div class=\"elementor-spacer\">\n\t\t\t<div class=\"elementor-spacer-inner\"><\/div>\n\t\t<\/div>\n\t\t\t\t<\/div>\n\t\t\t\t<\/div>\n\t\t\t\t\t\t<\/div>\n\t\t\t\t\t<\/div>\n\t\t<\/div>\n\t\t\t\t<div class=\"elementor-column elementor-col-50 elementor-top-column elementor-element elementor-element-1806e82e\" data-id=\"1806e82e\" data-element_type=\"column\">\n\t\t\t<div class=\"elementor-column-wrap elementor-element-populated\">\n\t\t\t\t\t\t\t<div class=\"elementor-widget-wrap\">\n\t\t\t\t\t\t<div class=\"elementor-element elementor-element-35ac50b8 elementor-invisible elementor-widget elementor-widget-spacer\" data-id=\"35ac50b8\" data-element_type=\"widget\" data-settings=\"{&quot;_animation&quot;:&quot;fadeInDown&quot;}\" data-widget_type=\"spacer.default\">\n\t\t\t\t<div class=\"elementor-widget-container\">\n\t\t\t\t\t<div class=\"elementor-spacer\">\n\t\t\t<div class=\"elementor-spacer-inner\"><\/div>\n\t\t<\/div>\n\t\t\t\t<\/div>\n\t\t\t\t<\/div>\n\t\t\t\t<div class=\"elementor-element elementor-element-10fff16c elementor-invisible elementor-widget elementor-widget-image\" data-id=\"10fff16c\" data-element_type=\"widget\" data-settings=\"{&quot;_animation&quot;:&quot;fadeInRight&quot;}\" data-widget_type=\"image.default\">\n\t\t\t\t<div class=\"elementor-widget-container\">\n\t\t\t\t\t\t\t\t<div class=\"elementor-image\">\n\t\t\t\t\t\t\t\t\t\t\t\t<img loading=\"lazy\" decoding=\"async\" width=\"1024\" height=\"683\" src=\"https:\/\/demo.cms-werkstatt.eu\/billiard\/wp-content\/uploads\/sites\/6\/2019\/03\/pool-table-1283911_1920-1024x683.jpg\" class=\"attachment-large size-large\" alt=\"\" srcset=\"https:\/\/demo.cms-werkstatt.eu\/billiard\/wp-content\/uploads\/sites\/6\/2019\/03\/pool-table-1283911_1920-1024x683.jpg 1024w, https:\/\/demo.cms-werkstatt.eu\/billiard\/wp-content\/uploads\/sites\/6\/2019\/03\/pool-table-1283911_1920-300x200.jpg 300w, https:\/\/demo.cms-werkstatt.eu\/billiard\/wp-content\/uploads\/sites\/6\/2019\/03\/pool-table-1283911_1920-768x512.jpg 768w, https:\/\/demo.cms-werkstatt.eu\/billiard\/wp-content\/uploads\/sites\/6\/2019\/03\/pool-table-1283911_1920.jpg 1920w\" sizes=\"auto, (max-width: 1024px) 100vw, 1024px\" \/>\t\t\t\t\t\t\t\t\t\t\t\t\t\t<\/div>\n\t\t\t\t\t\t<\/div>\n\t\t\t\t<\/div>\n\t\t\t\t<div class=\"elementor-element elementor-element-307af217 elementor-invisible elementor-widget elementor-widget-image\" data-id=\"307af217\" data-element_type=\"widget\" data-settings=\"{&quot;_animation&quot;:&quot;fadeInUp&quot;}\" data-widget_type=\"image.default\">\n\t\t\t\t<div class=\"elementor-widget-container\">\n\t\t\t\t\t\t\t\t<div class=\"elementor-image\">\n\t\t\t\t\t\t\t\t\t\t\t\t<img loading=\"lazy\" decoding=\"async\" width=\"1024\" height=\"768\" src=\"https:\/\/demo.cms-werkstatt.eu\/billiard\/wp-content\/uploads\/sites\/6\/2019\/03\/billiard-708933_1920-1024x768.jpg\" class=\"attachment-large size-large\" alt=\"\" srcset=\"https:\/\/demo.cms-werkstatt.eu\/billiard\/wp-content\/uploads\/sites\/6\/2019\/03\/billiard-708933_1920-1024x768.jpg 1024w, https:\/\/demo.cms-werkstatt.eu\/billiard\/wp-content\/uploads\/sites\/6\/2019\/03\/billiard-708933_1920-300x225.jpg 300w, https:\/\/demo.cms-werkstatt.eu\/billiard\/wp-content\/uploads\/sites\/6\/2019\/03\/billiard-708933_1920-768x576.jpg 768w, https:\/\/demo.cms-werkstatt.eu\/billiard\/wp-content\/uploads\/sites\/6\/2019\/03\/billiard-708933_1920.jpg 1920w\" sizes=\"auto, (max-width: 1024px) 100vw, 1024px\" \/>\t\t\t\t\t\t\t\t\t\t\t\t\t\t<\/div>\n\t\t\t\t\t\t<\/div>\n\t\t\t\t<\/div>\n\t\t\t\t<div class=\"elementor-element elementor-element-189ef3d elementor-invisible elementor-widget elementor-widget-spacer\" data-id=\"189ef3d\" data-element_type=\"widget\" data-settings=\"{&quot;_animation&quot;:&quot;zoomIn&quot;}\" data-widget_type=\"spacer.default\">\n\t\t\t\t<div class=\"elementor-widget-container\">\n\t\t\t\t\t<div class=\"elementor-spacer\">\n\t\t\t<div class=\"elementor-spacer-inner\"><\/div>\n\t\t<\/div>\n\t\t\t\t<\/div>\n\t\t\t\t<\/div>\n\t\t\t\t\t\t<\/div>\n\t\t\t\t\t<\/div>\n\t\t<\/div>\n\t\t\t\t\t\t\t\t<\/div>\n\t\t\t\t\t<\/div>\n\t\t<\/section>\n\t\t\t\t<section class=\"elementor-section elementor-top-section elementor-element elementor-element-ddcd03d elementor-section-full_width elementor-section-height-default elementor-section-height-default\" data-id=\"ddcd03d\" data-element_type=\"section\" data-settings=\"{&quot;sticky&quot;:&quot;top&quot;,&quot;sticky_on&quot;:[&quot;desktop&quot;,&quot;tablet&quot;,&quot;mobile&quot;],&quot;sticky_offset&quot;:0,&quot;sticky_effects_offset&quot;:0}\">\n\t\t\t\t\t\t<div class=\"elementor-container elementor-column-gap-default\">\n\t\t\t\t\t\t\t<div class=\"elementor-row\">\n\t\t\t\t\t<div class=\"elementor-column elementor-col-100 elementor-top-column elementor-element elementor-element-abdc46c\" data-id=\"abdc46c\" data-element_type=\"column\">\n\t\t\t<div class=\"elementor-column-wrap\">\n\t\t\t\t\t\t\t<div class=\"elementor-widget-wrap\">\n\t\t\t\t\t\t\t\t<\/div>\n\t\t\t\t\t<\/div>\n\t\t<\/div>\n\t\t\t\t\t\t\t\t<\/div>\n\t\t\t\t\t<\/div>\n\t\t<\/section>\n\t\t\t\t<section class=\"elementor-section elementor-top-section elementor-element elementor-element-173131a elementor-section-boxed elementor-section-height-default elementor-section-height-default\" data-id=\"173131a\" data-element_type=\"section\" data-settings=\"{&quot;background_background&quot;:&quot;classic&quot;}\">\n\t\t\t\t\t\t\t<div class=\"elementor-background-overlay\"><\/div>\n\t\t\t\t\t\t\t<div class=\"elementor-container elementor-column-gap-default\">\n\t\t\t\t\t\t\t<div class=\"elementor-row\">\n\t\t\t\t\t<div class=\"elementor-column elementor-col-100 elementor-top-column elementor-element elementor-element-01821b6\" data-id=\"01821b6\" data-element_type=\"column\">\n\t\t\t<div class=\"elementor-column-wrap elementor-element-populated\">\n\t\t\t\t\t\t\t<div class=\"elementor-widget-wrap\">\n\t\t\t\t\t\t<div class=\"elementor-element elementor-element-197d3a1 elementor-widget elementor-widget-spacer\" data-id=\"197d3a1\" data-element_type=\"widget\" data-widget_type=\"spacer.default\">\n\t\t\t\t<div class=\"elementor-widget-container\">\n\t\t\t\t\t<div class=\"elementor-spacer\">\n\t\t\t<div class=\"elementor-spacer-inner\"><\/div>\n\t\t<\/div>\n\t\t\t\t<\/div>\n\t\t\t\t<\/div>\n\t\t\t\t\t\t<\/div>\n\t\t\t\t\t<\/div>\n\t\t<\/div>\n\t\t\t\t\t\t\t\t<\/div>\n\t\t\t\t\t<\/div>\n\t\t<\/section>\n\t\t\t\t\t\t\t\t\t<\/div>\n\t\t\t<\/div>\n\t\t\t\t\t<\/div>\n\t\t","protected":false},"excerpt":{"rendered":"<p>Berlins beste Billardhalle Ich bin immer gern in der Billard Oase. Am besten gef\u00e4llt mir die famili\u00e4re Atomsph\u00e4re, die netten Mitarbeiter und die tolle Ausstattung. Mike M\u00f6ller &#8211; Snookerprofi Galerie<\/p>\n","protected":false},"author":1,"featured_media":0,"parent":0,"menu_order":0,"comment_status":"closed","ping_status":"closed","template":"","meta":{"site-sidebar-layout":"no-sidebar","site-content-layout":"page-builder","ast-global-header-display":"","ast-main-header-display":"","ast-hfb-above-header-display":"","ast-hfb-below-header-display":"","ast-hfb-mobile-header-display":"","site-post-title":"disabled","ast-breadcrumbs-content":"","ast-featured-img":"disabled","footer-sml-layout":"","theme-transparent-header-meta":"","adv-header-id-meta":"","stick-header-meta":"","header-above-stick-meta":"","header-main-stick-meta":"","header-below-stick-meta":"","footnotes":""},"class_list":["post-32","page","type-page","status-publish","hentry"],"yoast_head":"<!-- This site is optimized with the Yoast SEO plugin v19.7.1 - https:\/\/yoast.com\/wordpress\/plugins\/seo\/ -->\n<title>Startseite - Billard Teamplate<\/title>\n<meta name=\"robots\" content=\"index, follow, max-snippet:-1, max-image-preview:large, max-video-preview:-1\" \/>\n<link rel=\"canonical\" href=\"https:\/\/demo.cms-werkstatt.eu\/billiard\/\" \/>\n<meta property=\"og:locale\" content=\"de_DE\" \/>\n<meta property=\"og:type\" content=\"article\" \/>\n<meta property=\"og:title\" content=\"Startseite - Billard Teamplate\" \/>\n<meta property=\"og:description\" content=\"Berlins beste Billardhalle Ich bin immer gern in der Billard Oase. Am besten gef\u00e4llt mir die famili\u00e4re Atomsph\u00e4re, die netten Mitarbeiter und die tolle Ausstattung. Mike M\u00f6ller &#8211; Snookerprofi Galerie\" \/>\n<meta property=\"og:url\" content=\"https:\/\/demo.cms-werkstatt.eu\/billiard\/\" \/>\n<meta property=\"og:site_name\" content=\"Billard Teamplate\" \/>\n<meta property=\"article:modified_time\" content=\"2019-07-30T09:37:16+00:00\" \/>\n<meta property=\"og:image\" content=\"https:\/\/demo.cms-werkstatt.eu\/wp-content\/uploads\/sites\/6\/2019\/03\/billardkugel.svg\" \/>\n<meta name=\"twitter:card\" content=\"summary_large_image\" \/>\n<script type=\"application\/ld+json\" class=\"yoast-schema-graph\">{\"@context\":\"https:\/\/schema.org\",\"@graph\":[{\"@type\":\"WebPage\",\"@id\":\"https:\/\/demo.cms-werkstatt.eu\/billiard\/\",\"url\":\"https:\/\/demo.cms-werkstatt.eu\/billiard\/\",\"name\":\"Startseite - Billard Teamplate\",\"isPartOf\":{\"@id\":\"https:\/\/demo.cms-werkstatt.eu\/billiard\/#website\"},\"datePublished\":\"2019-03-18T11:14:00+00:00\",\"dateModified\":\"2019-07-30T09:37:16+00:00\",\"breadcrumb\":{\"@id\":\"https:\/\/demo.cms-werkstatt.eu\/billiard\/#breadcrumb\"},\"inLanguage\":\"de\",\"potentialAction\":[{\"@type\":\"ReadAction\",\"target\":[\"https:\/\/demo.cms-werkstatt.eu\/billiard\/\"]}]},{\"@type\":\"BreadcrumbList\",\"@id\":\"https:\/\/demo.cms-werkstatt.eu\/billiard\/#breadcrumb\",\"itemListElement\":[{\"@type\":\"ListItem\",\"position\":1,\"name\":\"Startseite\",\"item\":\"https:\/\/demo.cms-werkstatt.eu\/billiard\/\"},{\"@type\":\"ListItem\",\"position\":2,\"name\":\"Startseite\"}]},{\"@type\":\"WebSite\",\"@id\":\"https:\/\/demo.cms-werkstatt.eu\/billiard\/#website\",\"url\":\"https:\/\/demo.cms-werkstatt.eu\/billiard\/\",\"name\":\"Billard Teamplate\",\"description\":\"\",\"publisher\":{\"@id\":\"https:\/\/demo.cms-werkstatt.eu\/billiard\/#organization\"},\"potentialAction\":[{\"@type\":\"SearchAction\",\"target\":{\"@type\":\"EntryPoint\",\"urlTemplate\":\"https:\/\/demo.cms-werkstatt.eu\/billiard\/?s={search_term_string}\"},\"query-input\":\"required name=search_term_string\"}],\"inLanguage\":\"de\"},{\"@type\":\"Organization\",\"@id\":\"https:\/\/demo.cms-werkstatt.eu\/billiard\/#organization\",\"name\":\"Billard Teamplate\",\"url\":\"https:\/\/demo.cms-werkstatt.eu\/billiard\/\",\"sameAs\":[],\"logo\":{\"@type\":\"ImageObject\",\"inLanguage\":\"de\",\"@id\":\"https:\/\/demo.cms-werkstatt.eu\/billiard\/#\/schema\/logo\/image\/\",\"url\":\"https:\/\/demo.cms-werkstatt.eu\/billiard\/wp-content\/uploads\/sites\/6\/2019\/03\/Billard.svg\",\"contentUrl\":\"https:\/\/demo.cms-werkstatt.eu\/billiard\/wp-content\/uploads\/sites\/6\/2019\/03\/Billard.svg\",\"caption\":\"Billard Teamplate\"},\"image\":{\"@id\":\"https:\/\/demo.cms-werkstatt.eu\/billiard\/#\/schema\/logo\/image\/\"}}]}<\/script>\n<!-- \/ Yoast SEO plugin. -->","yoast_head_json":{"title":"Startseite - Billard Teamplate","robots":{"index":"index","follow":"follow","max-snippet":"max-snippet:-1","max-image-preview":"max-image-preview:large","max-video-preview":"max-video-preview:-1"},"canonical":"https:\/\/demo.cms-werkstatt.eu\/billiard\/","og_locale":"de_DE","og_type":"article","og_title":"Startseite - Billard Teamplate","og_description":"Berlins beste Billardhalle Ich bin immer gern in der Billard Oase. Am besten gef\u00e4llt mir die famili\u00e4re Atomsph\u00e4re, die netten Mitarbeiter und die tolle Ausstattung. Mike M\u00f6ller &#8211; Snookerprofi Galerie","og_url":"https:\/\/demo.cms-werkstatt.eu\/billiard\/","og_site_name":"Billard Teamplate","article_modified_time":"2019-07-30T09:37:16+00:00","og_image":[{"url":"https:\/\/demo.cms-werkstatt.eu\/wp-content\/uploads\/sites\/6\/2019\/03\/billardkugel.svg"}],"twitter_card":"summary_large_image","schema":{"@context":"https:\/\/schema.org","@graph":[{"@type":"WebPage","@id":"https:\/\/demo.cms-werkstatt.eu\/billiard\/","url":"https:\/\/demo.cms-werkstatt.eu\/billiard\/","name":"Startseite - Billard Teamplate","isPartOf":{"@id":"https:\/\/demo.cms-werkstatt.eu\/billiard\/#website"},"datePublished":"2019-03-18T11:14:00+00:00","dateModified":"2019-07-30T09:37:16+00:00","breadcrumb":{"@id":"https:\/\/demo.cms-werkstatt.eu\/billiard\/#breadcrumb"},"inLanguage":"de","potentialAction":[{"@type":"ReadAction","target":["https:\/\/demo.cms-werkstatt.eu\/billiard\/"]}]},{"@type":"BreadcrumbList","@id":"https:\/\/demo.cms-werkstatt.eu\/billiard\/#breadcrumb","itemListElement":[{"@type":"ListItem","position":1,"name":"Startseite","item":"https:\/\/demo.cms-werkstatt.eu\/billiard\/"},{"@type":"ListItem","position":2,"name":"Startseite"}]},{"@type":"WebSite","@id":"https:\/\/demo.cms-werkstatt.eu\/billiard\/#website","url":"https:\/\/demo.cms-werkstatt.eu\/billiard\/","name":"Billard Teamplate","description":"","publisher":{"@id":"https:\/\/demo.cms-werkstatt.eu\/billiard\/#organization"},"potentialAction":[{"@type":"SearchAction","target":{"@type":"EntryPoint","urlTemplate":"https:\/\/demo.cms-werkstatt.eu\/billiard\/?s={search_term_string}"},"query-input":"required name=search_term_string"}],"inLanguage":"de"},{"@type":"Organization","@id":"https:\/\/demo.cms-werkstatt.eu\/billiard\/#organization","name":"Billard Teamplate","url":"https:\/\/demo.cms-werkstatt.eu\/billiard\/","sameAs":[],"logo":{"@type":"ImageObject","inLanguage":"de","@id":"https:\/\/demo.cms-werkstatt.eu\/billiard\/#\/schema\/logo\/image\/","url":"https:\/\/demo.cms-werkstatt.eu\/billiard\/wp-content\/uploads\/sites\/6\/2019\/03\/Billard.svg","contentUrl":"https:\/\/demo.cms-werkstatt.eu\/billiard\/wp-content\/uploads\/sites\/6\/2019\/03\/Billard.svg","caption":"Billard Teamplate"},"image":{"@id":"https:\/\/demo.cms-werkstatt.eu\/billiard\/#\/schema\/logo\/image\/"}}]}},"acf":[],"_links":{"self":[{"href":"https:\/\/demo.cms-werkstatt.eu\/billiard\/wp-json\/wp\/v2\/pages\/32","targetHints":{"allow":["GET"]}}],"collection":[{"href":"https:\/\/demo.cms-werkstatt.eu\/billiard\/wp-json\/wp\/v2\/pages"}],"about":[{"href":"https:\/\/demo.cms-werkstatt.eu\/billiard\/wp-json\/wp\/v2\/types\/page"}],"author":[{"embeddable":true,"href":"https:\/\/demo.cms-werkstatt.eu\/billiard\/wp-json\/wp\/v2\/users\/1"}],"replies":[{"embeddable":true,"href":"https:\/\/demo.cms-werkstatt.eu\/billiard\/wp-json\/wp\/v2\/comments?post=32"}],"version-history":[{"count":0,"href":"https:\/\/demo.cms-werkstatt.eu\/billiard\/wp-json\/wp\/v2\/pages\/32\/revisions"}],"wp:attachment":[{"href":"https:\/\/demo.cms-werkstatt.eu\/billiard\/wp-json\/wp\/v2\/media?parent=32"}],"curies":[{"name":"wp","href":"https:\/\/api.w.org\/{rel}","templated":true}]}}